{"id":986,"date":"2021-06-26T06:07:27","date_gmt":"2021-06-26T10:07:27","guid":{"rendered":"https:\/\/conectarterecords.com\/index.php\/our-story\/"},"modified":"2023-08-09T19:21:25","modified_gmt":"2023-08-09T23:21:25","slug":"servicios","status":"publish","type":"page","link":"https:\/\/conectarterecords.com\/index.php\/servicios\/","title":{"rendered":"Servicios"},"content":{"rendered":"\n<div class=\"wp-block-uagb-advanced-heading uagb-block-f20f6b55\"><h2 class=\"uagb-heading-text\">Servicios<\/h2><\/div>\n\n\n\n<div class=\"wp-block-uagb-container uagb-block-acba2ac6 alignfull uagb-is-root-container\"><div class=\"uagb-container-inner-blocks-wrap\">\n<div class=\"wp-block-uagb-container uagb-block-9fdc599c\">\n<div class=\"wp-block-uagb-image uagb-block-211a7dc6 wp-block-uagb-image--layout-default wp-block-uagb-image--effect-static wp-block-uagb-image--align-none\"><figure class=\"wp-block-uagb-image__figure\"><img decoding=\"async\" srcset=\"https:\/\/conectarterecords.com\/wp-content\/uploads\/2023\/08\/1-1-e1691097851703.png , https:\/\/conectarterecords.com\/wp-content\/uploads\/2023\/08\/1-1-e1691097851703-300x300.png 360w\" sizes=\"(max-width: 480px) 150px\" src=\"https:\/\/conectarterecords.com\/wp-content\/uploads\/2023\/08\/1-1-e1691097851703.png\" alt=\"\" class=\"uag-image-1418\" width=\"300\" height=\"300\" title=\"\" loading=\"lazy\"\/><\/figure><\/div>\n<\/div>\n\n\n\n<div class=\"wp-block-uagb-container uagb-block-8e853018\">\n<div class=\"wp-block-uagb-info-box uagb-block-01a4aa1f uagb-infobox__content-wrap  uagb-infobox-icon-above-title uagb-infobox-image-valign-top\" id=\"Grabacion\"><div class=\"uagb-ifb-content\"><div class=\"uagb-ifb-icon-wrap\"><svg xmlns=\"https:\/\/www.w3.org\/2000\/svg\" viewBox=\"0 0 512 512\"><path d=\"M256 160C202.9 160 160 202.9 160 256s42.92 96 96 96c53.08 0 96-42.92 96-96S309.1 160 256 160zM256 288C238.3 288 224 273.7 224 256s14.33-32 32-32c17.67 0 32 14.33 32 32S273.7 288 256 288zM256 0c-141.4 0-256 114.6-256 256s114.6 256 256 256c141.4 0 256-114.6 256-256S397.4 0 256 0zM256 384c-70.75 0-128-57.25-128-128s57.25-128 128-128s128 57.25 128 128S326.8 384 256 384z\"><\/path><\/svg><\/div><div class=\"uagb-ifb-title-wrap\"><h3 class=\"uagb-ifb-title\">GRABACI\u00d3N<\/h3><\/div><p class=\"uagb-ifb-desc\">En Conectarte Records contamos con los mejores micr\u00f3fonos y preamplificadores para obtener la mejor captura de sonido al realizar tu sesi\u00f3n. Esto sumado a un espacio tratado ac\u00fasticamente har\u00e1n de tus grabaciones un excelente material para utilizar en tus canciones o en lo que sea que necesites. Una vez hecha la grabaci\u00f3n, las pistas son totalmente tuyas y te las enviaremos por correo electr\u00f3nico.<\/p><\/div><\/div>\n<\/div>\n<\/div><\/div>\n\n\n\n<div class=\"wp-block-uagb-container uagb-block-c38dc69d alignfull uagb-is-root-container\"><div class=\"uagb-container-inner-blocks-wrap\">\n<div class=\"wp-block-uagb-container uagb-block-a8444e69\">\n<div class=\"wp-block-uagb-image uagb-block-0e9d87b3 wp-block-uagb-image--layout-default wp-block-uagb-image--effect-static wp-block-uagb-image--align-none\"><figure class=\"wp-block-uagb-image__figure\"><img decoding=\"async\" srcset=\"https:\/\/conectarterecords.com\/wp-content\/uploads\/2023\/08\/Pro-Tools-Social-edit.jpg , https:\/\/conectarterecords.com\/wp-content\/uploads\/2023\/08\/Pro-Tools-Social-edit-290x300.jpg 360w\" sizes=\"(max-width: 480px) 150px\" src=\"https:\/\/conectarterecords.com\/wp-content\/uploads\/2023\/08\/Pro-Tools-Social-edit.jpg\" alt=\"\" class=\"uag-image-1370\" width=\"1024\" height=\"536\" title=\"\" loading=\"lazy\"\/><\/figure><\/div>\n<\/div>\n\n\n\n<div class=\"wp-block-uagb-container uagb-block-13cc4146\">\n<div class=\"wp-block-uagb-info-box uagb-block-2738c033 uagb-infobox__content-wrap  uagb-infobox-icon-above-title uagb-infobox-image-valign-top\" id=\"mezcla\"><div class=\"uagb-ifb-content\"><div class=\"uagb-ifb-icon-wrap\"><svg xmlns=\"https:\/\/www.w3.org\/2000\/svg\" viewBox=\"0 0 512 512\"><path d=\"M0 416C0 398.3 14.33 384 32 384H86.66C99 355.7 127.2 336 160 336C192.8 336 220.1 355.7 233.3 384H480C497.7 384 512 398.3 512 416C512 433.7 497.7 448 480 448H233.3C220.1 476.3 192.8 496 160 496C127.2 496 99 476.3 86.66 448H32C14.33 448 0 433.7 0 416V416zM192 416C192 398.3 177.7 384 160 384C142.3 384 128 398.3 128 416C128 433.7 142.3 448 160 448C177.7 448 192 433.7 192 416zM352 176C384.8 176 412.1 195.7 425.3 224H480C497.7 224 512 238.3 512 256C512 273.7 497.7 288 480 288H425.3C412.1 316.3 384.8 336 352 336C319.2 336 291 316.3 278.7 288H32C14.33 288 0 273.7 0 256C0 238.3 14.33 224 32 224H278.7C291 195.7 319.2 176 352 176zM384 256C384 238.3 369.7 224 352 224C334.3 224 320 238.3 320 256C320 273.7 334.3 288 352 288C369.7 288 384 273.7 384 256zM480 64C497.7 64 512 78.33 512 96C512 113.7 497.7 128 480 128H265.3C252.1 156.3 224.8 176 192 176C159.2 176 131 156.3 118.7 128H32C14.33 128 0 113.7 0 96C0 78.33 14.33 64 32 64H118.7C131 35.75 159.2 16 192 16C224.8 16 252.1 35.75 265.3 64H480zM160 96C160 113.7 174.3 128 192 128C209.7 128 224 113.7 224 96C224 78.33 209.7 64 192 64C174.3 64 160 78.33 160 96z\"><\/path><\/svg><\/div><div class=\"uagb-ifb-title-wrap\"><h3 class=\"uagb-ifb-title\">Mezcla<\/h3><\/div><p class=\"uagb-ifb-desc\">Para sacar lo m\u00e1ximo de tus producciones en Conectarte Records te ofrecemos el servicio de mezcla el cual consiste en crear un equilibrio entre todos los aspectos y pistas de la canci\u00f3n a trav\u00e9s de distintas t\u00e9cnicas de ecualizaci\u00f3n, compresi\u00f3n y el uso de efectos para que estas suenen agradables y cohesionadas. En Conectarte Records nos importa saber cu\u00e1l es la visi\u00f3n del artista para traducirla en algo comercialmente viable con la experiencia que tenemos, asegurando que la intenci\u00f3n original de la canci\u00f3n brille en su m\u00e1ximo esplendor. <\/p><\/div><\/div>\n<\/div>\n<\/div><\/div>\n\n\n\n<div class=\"wp-block-uagb-container uagb-block-4c9298ad alignfull uagb-is-root-container\"><div class=\"uagb-container-inner-blocks-wrap\">\n<div class=\"wp-block-uagb-container uagb-block-84dfd0a7\">\n<div class=\"wp-block-uagb-image uagb-block-1f52724d wp-block-uagb-image--layout-default wp-block-uagb-image--effect-static wp-block-uagb-image--align-none\"><figure class=\"wp-block-uagb-image__figure\"><img decoding=\"async\" srcset=\"https:\/\/conectarterecords.com\/wp-content\/uploads\/2023\/08\/aoJaZFeof5HWqMhFdmzHdg-970-80-e1691095083764.webp , https:\/\/conectarterecords.com\/wp-content\/uploads\/2023\/08\/aoJaZFeof5HWqMhFdmzHdg-970-80-e1691095083764-300x289.webp 360w\" sizes=\"(max-width: 480px) 150px\" src=\"https:\/\/conectarterecords.com\/wp-content\/uploads\/2023\/08\/aoJaZFeof5HWqMhFdmzHdg-970-80-e1691095083764.webp\" alt=\"\" class=\"uag-image-1411\" width=\"565\" height=\"545\" title=\"\" loading=\"lazy\"\/><\/figure><\/div>\n<\/div>\n\n\n\n<div class=\"wp-block-uagb-container uagb-block-bcb6f731\">\n<div class=\"wp-block-uagb-info-box uagb-block-10a7885f uagb-infobox__content-wrap  uagb-infobox-icon-above-title uagb-infobox-image-valign-top\" id=\"masterizacion\"><div class=\"uagb-ifb-content\"><div class=\"uagb-ifb-icon-wrap\"><svg xmlns=\"https:\/\/www.w3.org\/2000\/svg\" viewBox=\"0 0 496 512\"><path d=\"M248 8C111.1 8 0 119.1 0 256s111.1 248 248 248 248-111.1 248-248S384.9 8 248 8zm100.7 364.9c-4.2 0-6.8-1.3-10.7-3.6-62.4-37.6-135-39.2-206.7-24.5-3.9 1-9 2.6-11.9 2.6-9.7 0-15.8-7.7-15.8-15.8 0-10.3 6.1-15.2 13.6-16.8 81.9-18.1 165.6-16.5 237 26.2 6.1 3.9 9.7 7.4 9.7 16.5s-7.1 15.4-15.2 15.4zm26.9-65.6c-5.2 0-8.7-2.3-12.3-4.2-62.5-37-155.7-51.9-238.6-29.4-4.8 1.3-7.4 2.6-11.9 2.6-10.7 0-19.4-8.7-19.4-19.4s5.2-17.8 15.5-20.7c27.8-7.8 56.2-13.6 97.8-13.6 64.9 0 127.6 16.1 177 45.5 8.1 4.8 11.3 11 11.3 19.7-.1 10.8-8.5 19.5-19.4 19.5zm31-76.2c-5.2 0-8.4-1.3-12.9-3.9-71.2-42.5-198.5-52.7-280.9-29.7-3.6 1-8.1 2.6-12.9 2.6-13.2 0-23.3-10.3-23.3-23.6 0-13.6 8.4-21.3 17.4-23.9 35.2-10.3 74.6-15.2 117.5-15.2 73 0 149.5 15.2 205.4 47.8 7.8 4.5 12.9 10.7 12.9 22.6 0 13.6-11 23.3-23.2 23.3z\"><\/path><\/svg><\/div><div class=\"uagb-ifb-title-wrap\"><h3 class=\"uagb-ifb-title\">Masterizaci\u00f3n<\/h3><\/div><p class=\"uagb-ifb-desc\">En Conectarte Records te ofrecemos nuestros servicios de masterizaci\u00f3n con el objetivo de pulir tu mezcla hasta conseguir el mejor sonido posible y hacer que tu canci\u00f3n suene a un volumen comercial tal que se escuche perfecto en plataformas de streaming, en la radio, en pel\u00edculas, etc. <\/p><\/div><\/div>\n<\/div>\n<\/div><\/div>\n\n\n\n<div class=\"wp-block-uagb-container uagb-block-cfea4170 alignfull uagb-is-root-container\"><div class=\"uagb-container-inner-blocks-wrap\">\n<div class=\"wp-block-uagb-container uagb-block-3e61bfd1\">\n<div class=\"wp-block-uagb-image uagb-block-86c8bc14 wp-block-uagb-image--layout-default wp-block-uagb-image--effect-static wp-block-uagb-image--align-none\"><figure class=\"wp-block-uagb-image__figure\"><img decoding=\"async\" srcset=\"https:\/\/conectarterecords.com\/wp-content\/uploads\/2023\/08\/pexels-kyle-loftus-2510428-e1691098530249.webp , https:\/\/conectarterecords.com\/wp-content\/uploads\/2023\/08\/pexels-kyle-loftus-2510428-e1691098530249-300x297.webp 360w\" sizes=\"(max-width: 480px) 150px\" src=\"https:\/\/conectarterecords.com\/wp-content\/uploads\/2023\/08\/pexels-kyle-loftus-2510428-e1691098530249.webp\" alt=\"\" class=\"uag-image-1420\" width=\"598\" height=\"593\" title=\"\" loading=\"lazy\"\/><\/figure><\/div>\n<\/div>\n\n\n\n<div class=\"wp-block-uagb-container uagb-block-5d8627b3\">\n<div class=\"wp-block-uagb-info-box uagb-block-7948ef30 uagb-infobox__content-wrap  uagb-infobox-icon-above-title uagb-infobox-image-valign-top\" id=\"sesionesyvids\"><div class=\"uagb-ifb-content\"><div class=\"uagb-ifb-icon-wrap\"><svg xmlns=\"https:\/\/www.w3.org\/2000\/svg\" viewBox=\"0 0 576 512\"><path d=\"M384 112v288c0 26.51-21.49 48-48 48h-288c-26.51 0-48-21.49-48-48v-288c0-26.51 21.49-48 48-48h288C362.5 64 384 85.49 384 112zM576 127.5v256.9c0 25.5-29.17 40.39-50.39 25.79L416 334.7V177.3l109.6-75.56C546.9 87.13 576 102.1 576 127.5z\"><\/path><\/svg><\/div><div class=\"uagb-ifb-title-wrap\"><h3 class=\"uagb-ifb-title\">Sesiones en Vivo &amp; Videoclips<\/h3><\/div><p class=\"uagb-ifb-desc\">En Conectarte Records nos encantan las sesiones en vivo y tenemos el mejor servicio para ti. Con nuestras c\u00e1maras 4k tendr\u00e1s las mejores tomas que editaremos con el mejor sonido de tu sesi\u00f3n. Podemos realizar la sesi\u00f3n en Conectarte Records o en el lugar de tu elecci\u00f3n.<\/p><\/div><\/div>\n<\/div>\n<\/div><\/div>\n\n\n\n<div class=\"wp-block-uagb-container uagb-block-2af2a500 alignfull uagb-is-root-container\"><div class=\"uagb-container-inner-blocks-wrap\">\n<div class=\"wp-block-uagb-container uagb-block-0f5eb45f\">\n<div class=\"wp-block-uagb-image uagb-block-585712fb wp-block-uagb-image--layout-default wp-block-uagb-image--effect-static wp-block-uagb-image--align-none\"><figure class=\"wp-block-uagb-image__figure\"><img decoding=\"async\" srcset=\"https:\/\/conectarterecords.com\/wp-content\/uploads\/2023\/08\/adsfaf-e1691096875572-300x278.jpg , https:\/\/conectarterecords.com\/wp-content\/uploads\/2023\/08\/adsfaf-e1691096875572-300x278.jpg 360w\" sizes=\"(max-width: 480px) 150px\" src=\"https:\/\/conectarterecords.com\/wp-content\/uploads\/2023\/08\/adsfaf-e1691096875572-300x278.jpg\" alt=\"\" class=\"uag-image-1413\" width=\"300\" height=\"278\" title=\"\" loading=\"lazy\"\/><\/figure><\/div>\n<\/div>\n\n\n\n<div class=\"wp-block-uagb-container uagb-block-36f7a868\">\n<div class=\"wp-block-uagb-info-box uagb-block-64ad1887 uagb-infobox__content-wrap  uagb-infobox-icon-above-title uagb-infobox-image-valign-top\" id=\"Prod-pedido\"><div class=\"uagb-ifb-content\"><div class=\"uagb-ifb-icon-wrap\"><svg xmlns=\"https:\/\/www.w3.org\/2000\/svg\" viewBox=\"0 0 512 512\"><path d=\"M511.1 367.1c0 44.18-42.98 80-95.1 80s-95.1-35.82-95.1-79.1c0-44.18 42.98-79.1 95.1-79.1c11.28 0 21.95 1.92 32.01 4.898V148.1L192 224l-.0023 208.1C191.1 476.2 149 512 95.1 512S0 476.2 0 432c0-44.18 42.98-79.1 95.1-79.1c11.28 0 21.95 1.92 32 4.898V126.5c0-12.97 10.06-26.63 22.41-30.52l319.1-94.49C472.1 .6615 477.3 0 480 0c17.66 0 31.97 14.34 32 31.99L511.1 367.1z\"><\/path><\/svg><\/div><div class=\"uagb-ifb-title-wrap\"><h3 class=\"uagb-ifb-title\">Producciones a Pedido<\/h3><\/div><p class=\"uagb-ifb-desc\">Si necesitas producciones a nivel profesional para concretar tus ideas creativas, en Conectarte Records te podemos ayudar. Podemos realizar m\u00fasica de cualquier estilo exclusiva para ti. Si necesitas de alg\u00fan instrumento en especial para tu producci\u00f3n, no dudes en consultar. Conectarte Records tiene una agenda con los mejores m\u00fasicos a nivel nacional para que toquen el instrumento que tu elijas.<\/p><\/div><\/div>\n<\/div>\n<\/div><\/div>\n\n\n\n<div class=\"wp-block-uagb-container uagb-block-506e70d9 alignfull uagb-is-root-container\"><div class=\"uagb-container-inner-blocks-wrap\">\n<div class=\"wp-block-uagb-container uagb-block-88fbc3c1\">\n<div class=\"wp-block-uagb-image uagb-block-bbaa7302 wp-block-uagb-image--layout-default wp-block-uagb-image--effect-static wp-block-uagb-image--align-none\"><figure class=\"wp-block-uagb-image__figure\"><img decoding=\"async\" srcset=\"https:\/\/conectarterecords.com\/wp-content\/uploads\/2023\/08\/fdfsd-e1691097018336-300x295.jpg , https:\/\/conectarterecords.com\/wp-content\/uploads\/2023\/08\/fdfsd-e1691097018336-300x295.jpg 360w\" sizes=\"(max-width: 480px) 150px\" src=\"https:\/\/conectarterecords.com\/wp-content\/uploads\/2023\/08\/fdfsd-e1691097018336-300x295.jpg\" alt=\"\" class=\"uag-image-1414\" width=\"300\" height=\"295\" title=\"\" loading=\"lazy\"\/><\/figure><\/div>\n<\/div>\n\n\n\n<div class=\"wp-block-uagb-container uagb-block-53f88e34\">\n<div class=\"wp-block-uagb-info-box uagb-block-60561c2f uagb-infobox__content-wrap  uagb-infobox-icon-above-title uagb-infobox-image-valign-top\" id=\"rest-sonido\"><div class=\"uagb-ifb-content\"><div class=\"uagb-ifb-icon-wrap\"><svg xmlns=\"https:\/\/www.w3.org\/2000\/svg\" viewBox=\"0 0 512 512\"><path d=\"M0 256C0 114.6 114.6 0 256 0C397.4 0 512 114.6 512 256C512 397.4 397.4 512 256 512C114.6 512 0 397.4 0 256zM371.8 211.8C382.7 200.9 382.7 183.1 371.8 172.2C360.9 161.3 343.1 161.3 332.2 172.2L224 280.4L179.8 236.2C168.9 225.3 151.1 225.3 140.2 236.2C129.3 247.1 129.3 264.9 140.2 275.8L204.2 339.8C215.1 350.7 232.9 350.7 243.8 339.8L371.8 211.8z\"><\/path><\/svg><\/div><div class=\"uagb-ifb-title-wrap\"><h3 class=\"uagb-ifb-title\">Restauraci\u00f3n de Sonido<\/h3><\/div><p class=\"uagb-ifb-desc\">Si tus grabaciones tiene alg\u00fan imperfecto, podemos ayudarte a corregirlo! En Conectarte Records tenemos la expertiz para trabajar y corregir sonidos da\u00f1ados y\/o defectuosos para que no los des por perdidos.<\/p><\/div><\/div>\n<\/div>\n<\/div><\/div>\n\n\n\n<div class=\"wp-block-uagb-container uagb-block-e553ad59 alignfull uagb-is-root-container\"><div class=\"uagb-container-inner-blocks-wrap\">\n<div class=\"wp-block-uagb-container uagb-block-daf975cd\">\n<div class=\"wp-block-uagb-container uagb-block-036d2f0e\">\n<div class=\"wp-block-uagb-advanced-heading uagb-block-9782eca1\"><h3 class=\"uagb-heading-text\">S\u00e9 el primero en recibir nuestras ofertas exclusivas, eventos y promociones.<\/h3><\/div>\n\n\n<div class=\"wpforms-container wpforms-block wpforms-block-04755195-7e20-4e7f-b60c-7b3463e1dca4 inline-fields\" id=\"wpforms-1287\"><form id=\"wpforms-form-1287\" class=\"wpforms-validate wpforms-form\" data-formid=\"1287\" method=\"post\" enctype=\"multipart\/form-data\" action=\"\/index.php\/wp-json\/wp\/v2\/pages\/986\" data-token=\"8f84bf03ca864b0f0a8ea131fa194370\"><noscript class=\"wpforms-error-noscript\">Please enable JavaScript in your browser to complete this form.<\/noscript><div class=\"wpforms-field-container\"><div id=\"wpforms-1287-field_1-container\" class=\"wpforms-field wpforms-field-email\" data-field-id=\"1\"><label class=\"wpforms-field-label wpforms-label-hide\" for=\"wpforms-1287-field_1\">Email <span class=\"wpforms-required-label\">*<\/span><\/label><input type=\"email\" id=\"wpforms-1287-field_1\" class=\"wpforms-field-large wpforms-field-required\" name=\"wpforms[fields][1]\" placeholder=\"Escribe tu correo electr\u00f3nico\" spellcheck=\"false\" required><\/div><\/div><!-- .wpforms-field-container --><div class=\"wpforms-submit-container\" ><input type=\"hidden\" name=\"wpforms[id]\" value=\"1287\"><input type=\"hidden\" name=\"wpforms[author]\" value=\"1\"><button type=\"submit\" name=\"wpforms[submit]\" id=\"wpforms-submit-1287\" class=\"wpforms-submit\" data-alt-text=\"Enviando...\" data-submit-text=\"Suscribirse\" aria-live=\"assertive\" value=\"wpforms-submit\">Suscribirse<\/button><\/div><\/form><\/div>  <!-- .wpforms-container --><\/div>\n\n\n\n<div class=\"wp-block-uagb-container uagb-block-b1a89e9e\"><\/div>\n<\/div>\n<\/div><\/div>\n\n\n\n<p><\/p>\n","protected":false},"excerpt":{"rendered":"<p>Servicios S\u00e9 el primero en recibir nuestras ofertas exclusivas, eventos y promociones.<\/p>\n","protected":false},"author":1,"featured_media":0,"parent":0,"menu_order":0,"comment_status":"closed","ping_status":"closed","template":"","meta":{"_uag_custom_page_level_css":"","site-sidebar-layout":"no-sidebar","site-content-layout":"plain-container","ast-global-header-display":"","ast-banner-title-visibility":"","ast-main-header-display":"","ast-hfb-above-header-display":"","ast-hfb-below-header-display":"","ast-hfb-mobile-header-display":"","site-post-title":"disabled","ast-breadcrumbs-content":"","ast-featured-img":"disabled","footer-sml-layout":"","theme-transparent-header-meta":"disabled","adv-header-id-meta":"","stick-header-meta":"","header-above-stick-meta":"","header-main-stick-meta":"","header-below-stick-meta":""},"uagb_featured_image_src":{"full":false,"thumbnail":false,"medium":false,"medium_large":false,"large":false,"1536x1536":false,"2048x2048":false},"uagb_author_info":{"display_name":"Dancar","author_link":"https:\/\/conectarterecords.com\/index.php\/author\/dancar\/"},"uagb_comment_info":0,"uagb_excerpt":"Servicios S\u00e9 el primero en recibir nuestras ofertas exclusivas, eventos y promociones.","_links":{"self":[{"href":"https:\/\/conectarterecords.com\/index.php\/wp-json\/wp\/v2\/pages\/986"}],"collection":[{"href":"https:\/\/conectarterecords.com\/index.php\/wp-json\/wp\/v2\/pages"}],"about":[{"href":"https:\/\/conectarterecords.com\/index.php\/wp-json\/wp\/v2\/types\/page"}],"author":[{"embeddable":true,"href":"https:\/\/conectarterecords.com\/index.php\/wp-json\/wp\/v2\/users\/1"}],"replies":[{"embeddable":true,"href":"https:\/\/conectarterecords.com\/index.php\/wp-json\/wp\/v2\/comments?post=986"}],"version-history":[{"count":36,"href":"https:\/\/conectarterecords.com\/index.php\/wp-json\/wp\/v2\/pages\/986\/revisions"}],"predecessor-version":[{"id":1536,"href":"https:\/\/conectarterecords.com\/index.php\/wp-json\/wp\/v2\/pages\/986\/revisions\/1536"}],"wp:attachment":[{"href":"https:\/\/conectarterecords.com\/index.php\/wp-json\/wp\/v2\/media?parent=986"}],"curies":[{"name":"wp","href":"https:\/\/api.w.org\/{rel}","templated":true}]}}